{"id":9015,"date":"2026-01-13T11:28:25","date_gmt":"2026-01-13T09:28:25","guid":{"rendered":"https:\/\/filarmonicabanatul.ro\/evenimente\/requiem-of-the-soul-banatul-philharmonic-orchestra-and-choir-conductor-azis-sadikovic-soloists-brit-tone-mullertz-ramona-zaharia-marius-budoiu-felix-pacher\/"},"modified":"2026-01-13T11:28:25","modified_gmt":"2026-01-13T09:28:25","slug":"requiem-of-the-soul-banatul-philharmonic-orchestra-and-choir-conductor-azis-sadikovic-soloists-brit-tone-mullertz-ramona-zaharia-marius-budoiu-felix-pacher","status":"publish","type":"tribe_events","link":"https:\/\/filarmonicabanatul.ro\/en\/evenimente\/requiem-of-the-soul-banatul-philharmonic-orchestra-and-choir-conductor-azis-sadikovic-soloists-brit-tone-mullertz-ramona-zaharia-marius-budoiu-felix-pacher\/","title":{"rendered":"REQUIEM OF THE SOUL | Banatul Philharmonic Orchestra and Choir | Conductor: Azis Sadikovic | Soloists: Brit-Tone M\u00fcllertz, Ramona Zaharia, Marius Budoiu, Felix Pacher"},"content":{"rendered":"<p>Conductor: Azis Sadikovic<br \/>\nSoloists: Brit-Tone M\u00fcllertz \u2013 soprano<br \/>\nRamona Zaharia \u2013 mezzo-soprano<br \/>\nMarius Budoiu \u2013 tenor<br \/>\nFelix Pacher \u2013 bass<br \/>\nChoir conductor: Iosif Todea<\/p>\n<p>The Banatul Philharmonic presents Anton\u00edn Dvo\u0159\u00e1k\u2019s Requiem, a large-scale and expressive work in which the orchestra and choir come together in a profound and well-structured musical language. Under the direction of Azis Sadikovic, the ensemble brings together four international soloists and the &#8220;Ion Rom\u00e2nu&#8221; Choir, prepared by Iosif Todea, for a performance that highlights the gravity and clarity of this masterpiece. <\/p>\n<p>Dvo\u0159\u00e1k\u2019s Requiem, op. 89, one of his major works, stands out for its balance between lyrical, meditative moments and more tension-filled orchestral episodes.<\/p>\n","protected":false},"excerpt":{"rendered":"<p>Conductor: Azis Sadikovic Soloists: Brit-Tone M\u00fcllertz \u2013 soprano Ramona Zaharia \u2013 mezzo-soprano Marius Budoiu \u2013 tenor Felix Pacher \u2013 bass Choir conductor: Iosif Todea The Banatul Philharmonic presents Anton\u00edn Dvo\u0159\u00e1k\u2019s [&hellip;]<\/p>\n","protected":false},"author":5,"featured_media":9354,"template":"","meta":{"_acf_changed":false,"_et_pb_use_builder":"","_et_pb_old_content":"","_et_gb_content_width":"","inline_featured_image":false,"_tribe_events_status":"","_tribe_events_status_reason":"","_tribe_events_is_hybrid":"","_tribe_events_is_virtual":"","_tribe_events_virtual_video_source":"","_tribe_events_virtual_embed_video":"","_tribe_events_virtual_linked_button_text":"","_tribe_events_virtual_linked_button":"","_tribe_events_virtual_show_embed_at":"","_tribe_events_virtual_show_embed_to":[],"_tribe_events_virtual_show_on_event":"","_tribe_events_virtual_show_on_views":"","_tribe_events_virtual_url":"","footnotes":""},"tags":[],"tribe_events_cat":[],"class_list":["post-9015","tribe_events","type-tribe_events","status-publish","has-post-thumbnail","hentry"],"acf":[],"_links":{"self":[{"href":"https:\/\/filarmonicabanatul.ro\/en\/wp-json\/wp\/v2\/tribe_events\/9015","targetHints":{"allow":["GET"]}}],"collection":[{"href":"https:\/\/filarmonicabanatul.ro\/en\/wp-json\/wp\/v2\/tribe_events"}],"about":[{"href":"https:\/\/filarmonicabanatul.ro\/en\/wp-json\/wp\/v2\/types\/tribe_events"}],"author":[{"embeddable":true,"href":"https:\/\/filarmonicabanatul.ro\/en\/wp-json\/wp\/v2\/users\/5"}],"version-history":[{"count":0,"href":"https:\/\/filarmonicabanatul.ro\/en\/wp-json\/wp\/v2\/tribe_events\/9015\/revisions"}],"wp:featuredmedia":[{"embeddable":true,"href":"https:\/\/filarmonicabanatul.ro\/en\/wp-json\/wp\/v2\/media\/9354"}],"wp:attachment":[{"href":"https:\/\/filarmonicabanatul.ro\/en\/wp-json\/wp\/v2\/media?parent=9015"}],"wp:term":[{"taxonomy":"post_tag","embeddable":true,"href":"https:\/\/filarmonicabanatul.ro\/en\/wp-json\/wp\/v2\/tags?post=9015"},{"taxonomy":"tribe_events_cat","embeddable":true,"href":"https:\/\/filarmonicabanatul.ro\/en\/wp-json\/wp\/v2\/tribe_events_cat?post=9015"}],"curies":[{"name":"wp","href":"https:\/\/api.w.org\/{rel}","templated":true}]}}

REQUIEM OF THE SOUL | Banatul Philharmonic Orchestra and Choir | Conductor: Azis Sadikovic | Soloists: Brit-Tone Müllertz, Ramona Zaharia, Marius Budoiu, Felix Pacher

<p>Conductor: Azis Sadikovic<br />
Soloists: Brit-Tone Müllertz – soprano<br />
Ramona Zaharia – mezzo-soprano<br />
Marius Budoiu – tenor<br />
Felix Pacher – bass<br />
Choir conductor: Iosif Todea</p>
<p>The Banatul Philharmonic presents Antonín Dvořák’s Requiem, a large-scale and expressive work in which the orchestra and choir come together in a profound and well-structured musical language. Under the direction of Azis Sadikovic, the ensemble brings together four international soloists and the &#8220;Ion Românu&#8221; Choir, prepared by Iosif Todea, for a performance that highlights the gravity and clarity of this masterpiece. </p>
<p>Dvořák’s Requiem, op. 89, one of his major works, stands out for its balance between lyrical, meditative moments and more tension-filled orchestral episodes.</p>

<p>Conductor: Azis Sadikovic Soloists: Brit-Tone Müllertz – soprano Ramona Zaharia – mezzo-soprano Marius Budoiu – tenor Felix Pacher – bass Choir conductor: Iosif Todea The Banatul Philharmonic presents Antonín Dvořák’s [&hellip;]</p>
