{"id":9030,"date":"2026-01-22T15:04:44","date_gmt":"2026-01-22T13:04:44","guid":{"rendered":"https:\/\/filarmonicabanatul.ro\/evenimente\/kurtag-100-chamber-recital-vlad-popescu-violin-sascha-bota-viola-julian-arp-cello\/"},"modified":"2026-01-22T15:04:44","modified_gmt":"2026-01-22T13:04:44","slug":"kurtag-100-chamber-recital-vlad-popescu-violin-sascha-bota-viola-julian-arp-cello","status":"publish","type":"tribe_events","link":"https:\/\/filarmonicabanatul.ro\/en\/evenimente\/kurtag-100-chamber-recital-vlad-popescu-violin-sascha-bota-viola-julian-arp-cello\/","title":{"rendered":"KURT\u00c1G 100 | Chamber Recital | Vlad Popescu \u2013 violin, Sascha Bota \u2013 viola, Julian Arp \u2013 cello"},"content":{"rendered":"<p>The Banatul Timi\u0219oara Philharmonic celebrates composer Gy\u00f6rgy Kurt\u00e1g on the occasion of his 100th birthday with an exceptional chamber recital. Internationally acclaimed artists Vlad Popescu (violin), Sascha Bota (viola), and Julian Arp (cello) present a special concert held on the composer\u2019s birthday, opening the program with a work by Kurt\u00e1g himself. <\/p>\n<p>The event takes place on Thursday, February 19, 2026, at 7:00 PM, at the UPT Senate Hall, Lloyd Palace.<\/p>\n<p data-start=\"1819\" data-end=\"2233\">The recital program brings together works by Gy\u00f6rgy Kurt\u00e1g, Johann Sebastian Bach, B\u00e9la Bart\u00f3k, Gy\u00f6rgy Ligeti, Le\u00f3 Weiner, and Franz Schubert. Opening the evening with a composition by Kurt\u00e1g emphasizes the tribute to the composer, while the rest of the program places his music in dialogue with the tradition from which it emerged and the modernity he helped define. <\/p>\n<p data-start=\"2235\" data-end=\"2424\">This event offers the audience the opportunity to discover or rediscover the music of one of the most essential composers of our time, in an intimate and elegant setting and through performances of the highest artistic level.<\/p>\n","protected":false},"excerpt":{"rendered":"<p>The Banatul Timi\u0219oara Philharmonic celebrates composer Gy\u00f6rgy Kurt\u00e1g on the occasion of his 100th birthday with an exceptional chamber recital. Internationally acclaimed artists Vlad Popescu (violin), Sascha Bota (viola), and [&hellip;]<\/p>\n","protected":false},"author":5,"featured_media":9181,"template":"","meta":{"_acf_changed":false,"_et_pb_use_builder":"","_et_pb_old_content":"","_et_gb_content_width":"","inline_featured_image":false,"_tribe_events_status":"","_tribe_events_status_reason":"","_tribe_events_is_hybrid":"","_tribe_events_is_virtual":"","_tribe_events_virtual_video_source":"","_tribe_events_virtual_embed_video":"","_tribe_events_virtual_linked_button_text":"","_tribe_events_virtual_linked_button":"","_tribe_events_virtual_show_embed_at":"","_tribe_events_virtual_show_embed_to":[],"_tribe_events_virtual_show_on_event":"","_tribe_events_virtual_show_on_views":"","_tribe_events_virtual_url":"","footnotes":""},"tags":[],"tribe_events_cat":[],"class_list":["post-9030","tribe_events","type-tribe_events","status-publish","has-post-thumbnail","hentry"],"acf":[],"_links":{"self":[{"href":"https:\/\/filarmonicabanatul.ro\/en\/wp-json\/wp\/v2\/tribe_events\/9030","targetHints":{"allow":["GET"]}}],"collection":[{"href":"https:\/\/filarmonicabanatul.ro\/en\/wp-json\/wp\/v2\/tribe_events"}],"about":[{"href":"https:\/\/filarmonicabanatul.ro\/en\/wp-json\/wp\/v2\/types\/tribe_events"}],"author":[{"embeddable":true,"href":"https:\/\/filarmonicabanatul.ro\/en\/wp-json\/wp\/v2\/users\/5"}],"version-history":[{"count":0,"href":"https:\/\/filarmonicabanatul.ro\/en\/wp-json\/wp\/v2\/tribe_events\/9030\/revisions"}],"wp:featuredmedia":[{"embeddable":true,"href":"https:\/\/filarmonicabanatul.ro\/en\/wp-json\/wp\/v2\/media\/9181"}],"wp:attachment":[{"href":"https:\/\/filarmonicabanatul.ro\/en\/wp-json\/wp\/v2\/media?parent=9030"}],"wp:term":[{"taxonomy":"post_tag","embeddable":true,"href":"https:\/\/filarmonicabanatul.ro\/en\/wp-json\/wp\/v2\/tags?post=9030"},{"taxonomy":"tribe_events_cat","embeddable":true,"href":"https:\/\/filarmonicabanatul.ro\/en\/wp-json\/wp\/v2\/tribe_events_cat?post=9030"}],"curies":[{"name":"wp","href":"https:\/\/api.w.org\/{rel}","templated":true}]}}

KURTÁG 100 | Chamber Recital | Vlad Popescu – violin, Sascha Bota – viola, Julian Arp – cello

<p>The Banatul Timișoara Philharmonic celebrates composer György Kurtág on the occasion of his 100th birthday with an exceptional chamber recital. Internationally acclaimed artists Vlad Popescu (violin), Sascha Bota (viola), and Julian Arp (cello) present a special concert held on the composer’s birthday, opening the program with a work by Kurtág himself. </p>
<p>The event takes place on Thursday, February 19, 2026, at 7:00 PM, at the UPT Senate Hall, Lloyd Palace.</p>
<p data-start="1819" data-end="2233">The recital program brings together works by György Kurtág, Johann Sebastian Bach, Béla Bartók, György Ligeti, Leó Weiner, and Franz Schubert. Opening the evening with a composition by Kurtág emphasizes the tribute to the composer, while the rest of the program places his music in dialogue with the tradition from which it emerged and the modernity he helped define. </p>
<p data-start="2235" data-end="2424">This event offers the audience the opportunity to discover or rediscover the music of one of the most essential composers of our time, in an intimate and elegant setting and through performances of the highest artistic level.</p>

<p>The Banatul Timișoara Philharmonic celebrates composer György Kurtág on the occasion of his 100th birthday with an exceptional chamber recital. Internationally acclaimed artists Vlad Popescu (violin), Sascha Bota (viola), and [&hellip;]</p>
